{"id":170,"date":"2021-11-24T18:09:25","date_gmt":"2021-11-24T18:09:25","guid":{"rendered":"http:\/\/artilleurs.fr\/shop\/produit\/chouchou-art\/"},"modified":"2022-04-02T16:41:54","modified_gmt":"2022-04-02T16:41:54","slug":"chouchou-art","status":"publish","type":"product","link":"http:\/\/artilleurs.fr\/shop\/produit\/chouchou-art\/","title":{"rendered":"Chouchou ART"},"content":{"rendered":"<p>Fini les m\u00e8ches rebelles gr\u00e2ce \u00e0 ce chouchou\u00a0! Le chouchou tendance et styl\u00e9 apportera la touche finale \u00e0 votre tenue. Achetez-le d\u00e8s maintenant\u00a0!<\/p>\n<p> \u2022 94\u00a0% polyester, 6\u00a0% \u00e9lasthanne (la composition du tissu peut varier de 2 %)<br \/>\n \u2022 Ext\u00e9rieur en tissu fluide et extensible, int\u00e9rieur \u00e9lastique<br \/>\n \u2022 Fabriqu\u00e9 \u00e0 partir de mat\u00e9riaux provenant de la fabrication d&#8217;autres produits<br \/>\n \u2022 Poids\u00a0:\u00a015\u00a0g (0,53\u00a0oz)<br \/>\n \u2022 Taille unique<br \/>\n \u2022 N\u0153ud amovible<br \/>\n \u2022 Composants du produit vierge provenant de Chine<\/p>\n","protected":false},"excerpt":{"rendered":"<p>Fini les m\u00e8ches rebelles gr\u00e2ce \u00e0 ce chouchou\u00a0! Le chouchou tendance et styl\u00e9 apportera la touche finale \u00e0 votre tenue. Achetez-le d\u00e8s maintenant\u00a0! \u2022 94\u00a0% polyester, 6\u00a0% \u00e9lasthanne (la composition du tissu peut varier de 2 %) \u2022 Ext\u00e9rieur en tissu fluide et extensible, int\u00e9rieur \u00e9lastique \u2022 Fabriqu\u00e9 \u00e0 partir de mat\u00e9riaux provenant de la&hellip; <a class=\"more-link\" href=\"http:\/\/artilleurs.fr\/shop\/produit\/chouchou-art\/\">Continue reading <span class=\"screen-reader-text\">Chouchou ART<\/span><\/a><\/p>\n","protected":false},"featured_media":172,"comment_status":"open","ping_status":"closed","template":"","meta":[],"product_cat":[30],"product_tag":[],"class_list":["post-170","product","type-product","status-publish","has-post-thumbnail","hentry","product_cat-accessoire","entry"],"_links":{"self":[{"href":"http:\/\/artilleurs.fr\/shop\/wp-json\/wp\/v2\/product\/170","targetHints":{"allow":["GET"]}}],"collection":[{"href":"http:\/\/artilleurs.fr\/shop\/wp-json\/wp\/v2\/product"}],"about":[{"href":"http:\/\/artilleurs.fr\/shop\/wp-json\/wp\/v2\/types\/product"}],"replies":[{"embeddable":true,"href":"http:\/\/artilleurs.fr\/shop\/wp-json\/wp\/v2\/comments?post=170"}],"wp:featuredmedia":[{"embeddable":true,"href":"http:\/\/artilleurs.fr\/shop\/wp-json\/wp\/v2\/media\/172"}],"wp:attachment":[{"href":"http:\/\/artilleurs.fr\/shop\/wp-json\/wp\/v2\/media?parent=170"}],"wp:term":[{"taxonomy":"product_cat","embeddable":true,"href":"http:\/\/artilleurs.fr\/shop\/wp-json\/wp\/v2\/product_cat?post=170"},{"taxonomy":"product_tag","embeddable":true,"href":"http:\/\/artilleurs.fr\/shop\/wp-json\/wp\/v2\/product_tag?post=170"}],"curies":[{"name":"wp","href":"https:\/\/api.w.org\/{rel}","templated":true}]}}