{"id":213,"date":"2021-11-24T20:03:58","date_gmt":"2021-11-24T20:03:58","guid":{"rendered":"http:\/\/artilleurs.fr\/shop\/produit\/sweat-a-capuche-back-peck\/"},"modified":"2022-04-02T16:41:53","modified_gmt":"2022-04-02T16:41:53","slug":"sweat-a-capuche-back-peck","status":"publish","type":"product","link":"http:\/\/artilleurs.fr\/shop\/produit\/sweat-a-capuche-back-peck\/","title":{"rendered":"Sweat \u00e0 capuche BACK\/PECK"},"content":{"rendered":"<p>Choisissez ce sweat \u00e0 capuche en molleton unisexe et profitez de tout ce qu&#8217;il a \u00e0 offrir. Il est doux, confortable et peut \u00eatre associ\u00e9 tout simplement \u00e0 un jean et des baskets pour un look confortable et \u00e9l\u00e9gant.<\/p>\n<p>\u2022 50\u00a0% coton, 50\u00a0% polyester (jusqu&#8217;\u00e0 5\u00a0% de polyester recycl\u00e9, fabriqu\u00e9 \u00e0 partir de bouteilles en plastique)<br \/>\n\u2022 Poids du tissu\u00a0: 264.5 g\/m\u00b2 (7,8 oz\/y\u00b2)<br \/>\n\u2022 Molleton brevet\u00e9 \u00e0 haute densit\u00e9 PrintPro\u00ae XP<br \/>\n\u2022 Emmanchures et ceinture en couture de recouvrement<br \/>\n\u2022 Poignets et base c\u00f4tel\u00e9s<br \/>\n\u2022 Cordons assortis<br \/>\n\u2022 Poche kangourou sur le devant<br \/>\n\u2022 Produit vierge provenant du Salvador, du Guatemala, du Honduras ou du Nicaragua<\/p>\n","protected":false},"excerpt":{"rendered":"<p>Choisissez ce sweat \u00e0 capuche en molleton unisexe et profitez de tout ce qu&#8217;il a \u00e0 offrir. Il est doux, confortable et peut \u00eatre associ\u00e9 tout simplement \u00e0 un jean et des baskets pour un look confortable et \u00e9l\u00e9gant. \u2022 50\u00a0% coton, 50\u00a0% polyester (jusqu&#8217;\u00e0 5\u00a0% de polyester recycl\u00e9, fabriqu\u00e9 \u00e0 partir de bouteilles en&hellip; <a class=\"more-link\" href=\"http:\/\/artilleurs.fr\/shop\/produit\/sweat-a-capuche-back-peck\/\">Continue reading <span class=\"screen-reader-text\">Sweat \u00e0 capuche BACK\/PECK<\/span><\/a><\/p>\n","protected":false},"featured_media":222,"comment_status":"open","ping_status":"closed","template":"","meta":[],"product_cat":[31],"product_tag":[],"class_list":["post-213","product","type-product","status-publish","has-post-thumbnail","hentry","product_cat-street-wear","entry"],"_links":{"self":[{"href":"http:\/\/artilleurs.fr\/shop\/wp-json\/wp\/v2\/product\/213","targetHints":{"allow":["GET"]}}],"collection":[{"href":"http:\/\/artilleurs.fr\/shop\/wp-json\/wp\/v2\/product"}],"about":[{"href":"http:\/\/artilleurs.fr\/shop\/wp-json\/wp\/v2\/types\/product"}],"replies":[{"embeddable":true,"href":"http:\/\/artilleurs.fr\/shop\/wp-json\/wp\/v2\/comments?post=213"}],"wp:featuredmedia":[{"embeddable":true,"href":"http:\/\/artilleurs.fr\/shop\/wp-json\/wp\/v2\/media\/222"}],"wp:attachment":[{"href":"http:\/\/artilleurs.fr\/shop\/wp-json\/wp\/v2\/media?parent=213"}],"wp:term":[{"taxonomy":"product_cat","embeddable":true,"href":"http:\/\/artilleurs.fr\/shop\/wp-json\/wp\/v2\/product_cat?post=213"},{"taxonomy":"product_tag","embeddable":true,"href":"http:\/\/artilleurs.fr\/shop\/wp-json\/wp\/v2\/product_tag?post=213"}],"curies":[{"name":"wp","href":"https:\/\/api.w.org\/{rel}","templated":true}]}}